q - 3. Let w be x(2). Suppose 4*g + w = t*g. Is g prime?
True
Suppose 48 = 6*o + 36. Suppose -4*x = y - 3672, 2*y = x - o*y - 935. Is x a composite number?
False
Let p(a) = -a**3 + 6*a**2 + 9*a + 14. Let d be p(8). Is (-7)/(d/6604)*(-3)/(-2) prime?
False
Let i(c) = 58*c**2 + 11*c - 28. Let n be i(6). Let x = n + -1459. Is x a composite number?
True
Let a = 5149 - 2087. Is a composite?
True
Let q = -222727 - -395858. Is q prime?
False
Let r = -722 - -724. Suppose 3*m + m = 20. Suppose -r*w + 3*n = -1343, -3364 = -m*w + 3*n - 2*n. Is w composite?
False
Is (13/21 - (-38)/(-133))*23487 a composite number?
False
Let t be 16/40 - 23316/(-10). Is (-1)/3 + t/12 composite?
True
Let m(f) = 3*f - 7. Let t be m(3). Suppose 5*c = -t*r + 1787 + 2692, 2*c - 1786 = 2*r. Is c a prime number?
False
Let m = -403 - -775. Suppose 4*x + 4*t = m, 6*x - 2*t - 284 = 3*x. Is x a composite number?
True
Suppose 0 = 2*k + 4*i - 8*i - 53814, 134524 = 5*k + i. Is k prime?
False
Let g(n) = -n**3 - 10*n**2 - 8*n + 11. Let f be g(-9). Suppose -2 = -0*o + o, f*p - 5*o = 248. Suppose -5*z + 2*t = -221, 3*z - 4*t - p - 22 = 0. Is z prime?
True
Suppose -s + 16780 = 3*r, -3*s = -8*s + 5*r + 83840. Is s a composite number?
True
Let f(q) = 6 - 1 - 13*q**2 - q**3 - 9*q + 2*q**2. Let k be f(-11). Let x = k + -66. Is x composite?
True
Let a = 7 + 6. Let m = a + -21. Is (4/m)/1*-166 a prime number?
True
Let j(d) = 4*d**2 - 26*d + 5. Let w be -18*(-1 + (-2)/(-4)). Suppose -55 = -w*y + 4*y. Is j(y) composite?
True
Let y be (-6)/(-9)*12*17. Let v = -45 + y. Is v a prime number?
False
Suppose 664084 = 52*y - 650840. Is y a prime number?
False
Let i = -4 - 4. Is 4 - 204/(i - -4) a composite number?
True
Let k = -338 - -923. Is k + 2 + (1 - 2) prime?
False
Let s = 4999 - 2628. Is s a prime number?
True
Let q be -11 + 12 - 8/(-2). Suppose -3*v + 613 = -q*j, 3*v - 6*v - 2*j + 641 = 0. Is v a composite number?
False
Let t(i) = 0 + i + 0*i + 6*i**2 - 7 - 3*i. Is t(-3) composite?
False
Suppose 0 = 4*c - 20 + 52. Is (-506)/c*5/(20/16) prime?
False
Let n(w) = 28*w**2 + 7. Is n(5) a composite number?
True
Is 171931/57*(3/3 - -2) prime?
True
Let t(n) = -9095*n**3 + 59*n**2 - 2*n - 3. Is t(-2) a prime number?
True
Let z be 3/12 + 86/8. Suppose 8*y - 147 = z*y. Is 14/y - 405/(-21) composite?
False
Let d = 28 + 124. Suppose v + 3*c - 4425 + d = 0, 8542 = 2*v + 4*c. Is v composite?
True
Let u be 18/15*(-40)/(-12). Let g(k) = 89*k**2 - 6*k. Let m be g(4). Suppose -3*t + s + m = 0, -u*s = s - 5. Is t a prime number?
True
Let m(r) = -793*r**3 + 9*r**2 + 13*r - 1. Is m(-2) prime?
True
Let p be 496/13 - 4/26. Let h = 5 + p. Is h a composite number?
False
Let t = 47 - -101. Let d = t - -43. Is d a composite number?
False
Let t(o) be the third derivative of o**5/60 + 2*o**4/3 + 5*o**3/3 - 19*o**2. Is t(-27) a prime number?
True
Is (808 - -1)*3*51/9 composite?
True
Let a = -685 + 1483. Suppose -2*s = -a - 376. Is s a prime number?
True
Let f(h) = 67*h**2 - 6. Let q be f(2). Suppose -517 = -b - 2*d, -267 = -b + 4*d + q. Is b a prime number?
True
Let d = -12636 + 22201. Is d a prime number?
False
Let j be (2/4)/((-5)/(-8910)). Let x = j - 556. Is x a composite number?
True
Let p(o) be the third derivative of 13*o**6/120 + o**5/24 - o**4/4 - 2*o**2. Let s(d) be the second derivative of p(d). Is s(4) a prime number?
True
Let u(d) = -d**2 + 5*d - 2. Let m be u(3). Suppose 0 = -2*n + m*n. Is 187 + -3 + n - -1 prime?
False
Suppose 65196 = 17*j - 403817. Is j composite?
True
Let k = 14 - 20. Let v be (-8441)/k + (-4)/(-24). Suppose -v = -0*n - 3*n. Is n prime?
False
Is 3/4 + 157*(-436)/(-16) a composite number?
True
Let f(z) = 10184*z + 87. Is f(5) composite?
True
Let v(b) = -19*b + 5. Let m(i) = -10*i + 0 + 2 + 0 + 1. Let j(k) = -7*m(k) + 3*v(k). Is j(5) a composite number?
False
Suppose -l + 1838 = d, -18*l - 3667 = -20*l + d. Is l composite?
True
Let c(r) = -r**3 + r**2 + 2*r. Let l be c(2). Suppose 5 = -l*n - n. Let j(q) = -2*q**3 - 6*q**2 - 5*q + 2. Is j(n) a composite number?
False
Suppose -1733786 = -89*y + 43*y. Is y prime?
True
Suppose 6*y - 6340 = 13922. Is y prime?
False
Let l be 3 + 0 - (715 - -3). Let b be (l/33)/((-2)/18). Suppose -113 - b = -4*p. Is p a prime number?
False
Let z(q) = -q**3 - 9*q**2 + 8*q + 5. Suppose 0*o + 5*o = -40. Let u be z(o). Let k = 214 + u. Is k prime?
False
Suppose 75*s = 74*s + 9871. Is s prime?
True
Suppose -2*r = r - 12. Let z be (-94)/r - (-4)/(-8). Let j = 767 - z. Is j a composite number?
True
Is 4/14 - 11925/(-35) composite?
True
Let n be (1 - -3)*1 - 1. Is (0/n)/2 + 443 composite?
False
Let g = 3306 + -1907. Is g prime?
True
Let l = 1768 + -759. Is l a prime number?
True
Let v be -1 + (-3 - -1) - 165. Let d = v - -402. Let k = -139 + d. Is k a composite number?
True
Let q be -3 + 556 + 4/2. Let s = 54 + -45. Suppose -s*p + q = -6*p. Is p a prime number?
False
Suppose -2*b + 3 = -5*b. Let i be (1 + (-972 - -2))/b. Let y = 1366 - i. Is y a prime number?
True
Let r = 14923 - 9425. Is r composite?
True
Let v(x) = 8*x**3 - 4*x**2 + 1. Let c be v(7). Let i = -370 + c. Is i a composite number?
False
Let o be (-17404)/(-30) + 20/(-150). Let q = -359 + o. Is q a prime number?
False
Let i(f) = -24526*f**3 - f**2 - 4*f - 2. Is i(-1) a prime number?
True
Suppose 127*l = 132*l - 93185. Is l a composite number?
False
Suppose 4*l + 3*l - 1197 = 0. Let o = l + -56. Is o a composite number?
True
Suppose 9*g - 5*g = m + 77032, -2*m = 5*g - 96303. Is g a composite number?
False
Suppose y + 5*s + 5 = 3*y, 5*y - 3*s - 3 = 0. Suppose y*k + 7*k - 21959 = 0. Is k a composite number?
False
Is (-8065785)/(-532) - (-1)/(-4) a prime number?
True
Let q(y) = 118*y + 1. Let i be q(1). Let p = 417 - i. Is p prime?
False
Let w(b) = b - 2. Let p be w(5). Suppose -5*c = 0, p*t + 4*c = -t - 16. Is 1343/9 + t/18 a prime number?
True
Let c(h) = 17782*h**3 - 2*h**2 - 4*h + 7. Is c(1) prime?
True
Let q(n) be the third derivative of 2*n**5 + 19*n**4/24 + n**3 - 29*n**2 + 1. Is q(5) prime?
False
Suppose -16 = p - 21. Let w(f) = 3*f**2 + 6*f**2 - p*f + 0*f**3 + f**3 + 0*f**2 - 6. Is w(-5) prime?
False
Let m = -10704 + 27923. Is m prime?
False
Is 73556/21 - (-7)/21 prime?
False
Let w = -14768 - -29461. Is w a composite number?
True
Suppose 0 = 2*x - 2*i - i, -4 = -2*i. Suppose -2*d + 20 = -x*h, -4*d + 8 = d + 3*h. Is (-6)/(-4) + 622/d a composite number?
False
Suppose 4*a + 26 = -298. Let f be (-1)/(2/(-632)*-2). Let i = a - f. Is i prime?
False
Suppose 4*d + z - 162 = -2*z, 8 = 4*z. Let h = d - -116. Is h composite?
True
Suppose -7161 = -l + 2*q, 0 = -0*l - 3*l + 5*q + 21478. Is l a prime number?
True
Let n be ((-8)/3 + 3)*(1 - 1). Suppose 4*w - 19699 - 4185 = n. Is w a prime number?
False
Suppose -v = -3*b - 7548 - 3638, 22363 = 2*v + 3*b. Is v composite?
True
Let a be 10 - 3 - (-12)/(-4). Suppose 5*p = -c + 1 - 16, 0 = p + a*c - 16. Let i = 10 + p. Is i a prime number?
False
Let i(a) be the first derivative of 4*a**3/3 - 3*a**2/2 + 4*a + 3. Is i(3) prime?
True
Suppose 5*n = 3*n - 8. Let s = 9 + n. Suppose -5*l - 210 = -k, -s*l - 680 = -4*k + k. Is k a composite number?
True
Suppose 2*b - 568 = -4*w, b + w - 6*w = 305. Let u = -171 + b. Is u a prime number?
False
Suppose 0 = 5*m - 29877 - 12358. Suppose 0 = 4*n + 1411 - m. Is n a composite number?
False
Suppose 5*q - 14 = -2*q. Suppose 5*r - 5*h = 1060, 4*r - q*h = -0*h + 852. Is r a prime number?
False
Let f be (-4)/14 - 9180/14. Suppose -q - 117 = -1104. Let d = f + q. Is d a composite number?
False
Suppose -4*l - z = -12, -4*z + 29 = 13. Suppose -3*y + s = -76, l = -2*s - 0. Is y composite?
True
Let y = -5660 + 8231. Is y a prime number?
False
Let l = -12 + 26. Let y(v) = 0*v**3 + 11*v**2 - 3*v - 13 - v**3 - 23*v**2 + 2*v**3. Is y(l) composite?
False
Suppose -4*i = 4*j - 4400, 0 = -5*j - 32*i + 34*i + 5479. Is j prime?
True
Is -1 + -2 - (15 + -2 + -16493) a composite number?
False
Suppose -n + 4*n = 1110. Suppose 2*x = -3*m + 143, -2*m = 5*x + 3*m - n. Is x prime?
True
Suppose 2*c - 8 = 3*o - 6*o, 0 = 4*c - 4. Let j(y) = -1 + 7*y**2 - 4*y**2 - 1614*y + 1612*y + 7*y**2. Is j(o) a prime number?
False
Suppose 32 = 3*l - 4*t, l + 5*t = -32 + 11. Is (-2)/l - 0 - (-248607)/138 a composite number?
False
Suppose 4*s - 2*t - 24180 = 0, 5*s - 32618 = -5*t - 2423. Is 